and 48696.
4058
Calculate the highest common divisor of 19 and 1282074039.
19
Calculate the highest common divisor of 35999880 and 102.
102
What is the greatest common divisor of 1701 and 264229?
7
What is the highest common factor of 103426635 and 195?
195
What is the highest common factor of 240105324 and 1052?
1052
Calculate the greatest common factor of 7330 and 24910272.
1466
What is the greatest common divisor of 334932 and 5470104?
1356
Calculate the highest common divisor of 103356 and 5777244.
3564
Calculate the greatest common factor of 19462 and 608.
2
Calculate the greatest common divisor of 251758664 and 944.
472
What is the greatest common divisor of 7367 and 433381?
53
What is the greatest common divisor of 122252 and 428?
4
What is the greatest common divisor of 409 and 96466331?
409
Calculate the greatest common factor of 440 and 230074724.
44
Calculate the greatest common divisor of 489228 and 6372.
708
What is the highest common divisor of 45456488 and 25049?
677
Calculate the greatest common factor of 418 and 11320846.
38
What is the highest common factor of 1417 and 71744672?
109
What is the greatest common divisor of 309 and 14445544?
103
Calculate the greatest common divisor of 30208 and 455360.
64
What is the highest common divisor of 3107554 and 246?
82
What is the highest common factor of 18000 and 1042050?
150
Calculate the highest common factor of 37708743 and 262.
131
What is the highest common divisor of 56276835 and 6?
3
Calculate the highest common divisor of 3157079162 and 206.
206
Calculate the greatest common divisor of 32375 and 17920.
35
What is the greatest common factor of 87768 and 773217?
477
Calculate the highest common divisor of 14423125 and 1000.
125
What is the greatest common factor of 396 and 223799136?
132
What is the greatest common factor of 1585 and 278005?
5
What is the greatest common divisor of 238415760 and 297?
99
What is the greatest common factor of 531 and 245675292?
177
Calculate the highest common factor of 706127 and 10732391.
3697
Calculate the highest common divisor of 3601158249 and 26.
13
What is the greatest common factor of 594 and 158490594?
54
Calculate the greatest common factor of 1620 and 24250752.
324
What is the highest common factor of 722 and 22486?
2
Calculate the highest common divisor of 2 and 142927342.
2
Calculate the highest common factor of 13894318 and 1964.
982
Calculate the highest common divisor of 57895109 and 57.
19
Calculate the greatest common divisor of 290754 and 10494.
18
What is the greatest common factor of 5370570 and 435?
15
Calculate the greatest common factor of 18450521 and 149.
149
What is the greatest common divisor of 7 and 786583?
7
Calculate the greatest common divisor of 233808 and 4248.
24
Calculate the highest common divisor of 9182 and 377329699.
4591
What is the highest common divisor of 24 and 15632964?
12
Calculate the greatest common divisor of 2496752 and 10.
2
What is the highest common divisor of 201790214 and 3076?
1538
What is the highest common factor of 81294 and 186711?
51
Calculate the greatest common divisor of 6463640 and 520.
40
Calculate the greatest common divisor of 285596 and 40.
4
What is the highest common divisor of 11966171 and 112?
7
What is the greatest common factor of 31359382 and 638?
58
What is the greatest common divisor of 340112 and 12934?
58
Calculate the highest common divisor of 358270 and 101585.
55
Calculate the highest common factor of 105 and 182467695.
15
What is the greatest common factor of 22178 and 702?
26
What is the greatest common divisor of 133627 and 32167?
19
Calculate the highest common factor of 160732087 and 3646.
1823
What is the greatest common divisor of 12110 and 119546?
14
What is the greatest common divisor of 6120 and 1342518696?
1224
What is the greatest common factor of 24680 and 3221920?
40
Calculate the greatest common factor of 31587 and 161.
1
What is the highest common divisor of 4710 and 1920110?
1570
What is the highest common factor of 530 and 135220490?
530
What is the highest common divisor of 42861 and 70434?
273
What is the greatest common divisor of 820 and 57369332?
164
What is the highest common factor of 3231 and 81?
9
Calculate the highest common factor of 37989894 and 42.
6
Calculate the highest common factor of 669575 and 900.
25
What is the highest common factor of 486981176 and 220?
44
What is the greatest common divisor of 28535 and 181155?
65
What is the highest common factor of 289 and 302933557?
289
What is the greatest common factor of 54624 and 32928?
96
Calculate the greatest common divisor of 26167 and 1.
1
Calculate the highest common factor of 178512 and 65104814.
7438
Calculate the highest common factor of 9840 and 3665605.
205
Calculate the greatest common divisor of 2062 and 338883514.
2062
What is the greatest common divisor of 669416 and 38346?
22
What is the highest common factor of 7502 and 4110?
2
What is the highest common divisor of 5385033 and 76497?
1779
What is the greatest common divisor of 2279802 and 2604?
1302
Calculate the greatest common factor of 6 and 45644.
2
Calculate the highest common divisor of 1 and 12535247.
1
Calculate the greatest common divisor of 14 and 101884363.
7
Calculate the greatest common factor of 72031040 and 850.
170
Calculate the highest common divisor of 7071666 and 33565.
959
Calculate the highest common factor of 3193 and 10297704.
31
Calculate the greatest common divisor of 8628810 and 2580.
1290
What is the highest common divisor of 754696 and 32248?
232
Calculate the highest common factor of 2044471 and 4063.
17
Calculate the highest common factor of 264906 and 12816.
18
What is the highest common divisor of 178 and 13530581?
89
What is the greatest common factor of 23 and 35187539?
23
What is the highest common divisor of 145068 and 894768?
84
What is the greatest common divisor of 25244416 and 32?
32
Calculate the greatest common factor of 322756324 and 88.
44
Calculate the highest common factor of 4304180 and 260.
20
What is the greatest common divisor of 5366348 and 10881?
403
Calculate the greatest common divisor of 10 and 66581815.
5
What is the highest common divisor of 61 and 58985048?
61
What is the highest common divisor of 313581448 and 1656?
184
What is the highest common factor of 7550 and 2092825?
25
What is the greatest common factor of 16853860 and 6715?
395
What is the greatest common factor of 15101151 and 17?
17
Calculate the highest common factor of 31168650 and 10066.
1438
Calculate the highest common factor of 4217055 and 2460.
615
What is the highest common divisor of 279 and 152103825?
279
What is the greatest common factor of 27688068 and 30846?
582
Calculate the greatest common divisor of 6372 and 140724.
108
What is the greatest common divisor of 581410 and 272685?
265
Calculate the greatest common factor of 6305340 and 1920.
60
Calculate the greatest common factor of 2836 and 10908674.
1418
What is the highest common divisor of 7086368 and 4544?
2272
What is the greatest common factor of 30536891 and 5815?
1163
What is the highest common divisor of 897 and 928434?
39
What is the highest common factor of 1421 and 1533651?
49
Calculate the highest common factor of 5610 and 6124470.
330
Calculate the greatest common factor of 49026776 and 3848.
296
Calculate the greatest common divisor of 17 and 202562599.
17
What is the greatest common divisor of 1713107 and 17?
17
What is the highest common divisor of 42 and 113966391?
21
Calculate the highest common factor of 2811 and 1563853.
937
What is the highest common factor of 46084522 and 22?
22
Calculate the highest common factor of 5136 and 8000.
16
What is the greatest common divisor of 6156090 and 10?
10
Calculate the greatest common divisor of 405 and 37396335.
15
Calculate the greatest common factor of 11 and 96765405.
11
What is the greatest common factor of 6783 and 9175138?
2261
What is the greatest common factor of 52724 and 116497444?
7532
What is the highest common factor of 1730 and 10642095?
865
What is the highest common factor of 42782231 and 23?
23
Calculate the highest common factor of 26932 and 539239237.
6733
Calculate the greatest common factor of 218 and 87837214.
218
Calculate the highest common d